he tens digit of 2715?
1
What is the tens digit of 123726?
2
What is the units digit of 1414?
4
What is the thousands digit of 110585?
0
What is the units digit of 28812?
2
What is the hundreds digit of 286?
2
What is the units digit of 15584?
4
What is the units digit of 1996?
6
What is the tens digit of 45?
4
What is the units digit of 89471?
1
What is the thousands digit of 1504?
1
What is the units digit of 4714?
4
What is the ten thousands digit of 44521?
4
What is the hundreds digit of 693?
6
What is the units digit of 7836?
6
What is the ten thousands digit of 55053?
5
What is the units digit of 30810?
0
What is the tens digit of 4498?
9
What is the hundreds digit of 6784?
7
What is the thousands digit of 23202?
3
What is the hundreds digit of 24497?
4
What is the units digit of 73181?
1
What is the hundreds digit of 7603?
6
What is the ten thousands digit of 30604?
3
What is the units digit of 67604?
4
What is the tens digit of 3455?
5
What is the thousands digit of 37614?
7
What is the tens digit of 7507?
0
What is the tens digit of 69485?
8
What is the units digit of 1?
1
What is the ten thousands digit of 19588?
1
What is the hundreds digit of 1588?
5
What is the tens digit of 300?
0
What is the hundreds digit of 744?
7
What is the hundreds digit of 249?
2
What is the tens digit of 41574?
7
What is the units digit of 26211?
1
What is the units digit of 3926?
6
What is the thousands digit of 100214?
0
What is the units digit of 83?
3
What is the ten thousands digit of 30953?
3
What is the hundreds digit of 100?
1
What is the units digit of 737?
7
What is the tens digit of 7909?
0
What is the hundreds digit of 2069?
0
What is the thousands digit of 2805?
2
What is the units digit of 19249?
9
What is the units digit of 95689?
9
What is the tens digit of 128649?
4
What is the hundreds digit of 931?
9
What is the units digit of 16098?
8
What is the hundreds digit of 7683?
6
What is the units digit of 9639?
9
What is the tens digit of 2521?
2
What is the hundreds digit of 1322?
3
What is the tens digit of 1520?
2
What is the thousands digit of 4782?
4
What is the hundreds digit of 1869?
8
What is the units digit of 136?
6
What is the hundreds digit of 1974?
9
What is the hundreds digit of 15678?
6
What is the ten thousands digit of 21646?
2
What is the tens digit of 2039?
3
What is the units digit of 3879?
9
What is the units digit of 542?
2
What is the thousands digit of 6635?
6
What is the thousands digit of 38661?
8
What is the tens digit of 2257?
5
What is the units digit of 2021?
1
What is the units digit of 1308?
8
What is the tens digit of 1060?
6
What is the tens digit of 10295?
9
What is the units digit of 46867?
7
What is the thousands digit of 9689?
9
What is the thousands digit of 1781?
1
What is the units digit of 34406?
6
What is the units digit of 1099?
9
What is the tens digit of 11134?
3
What is the tens digit of 105676?
7
What is the hundreds digit of 1057?
0
What is the units digit of 5050?
0
What is the units digit of 200?
0
What is the hundreds digit of 7179?
1
What is the ten thousands digit of 28310?
2
What is the hundreds digit of 94343?
3
What is the ten thousands digit of 10163?
1
What is the hundreds digit of 6783?
7
What is the hundreds digit of 18364?
3
What is the thousands digit of 114297?
4
What is the units digit of 3164?
4
What is the hundreds digit of 171?
1
What is the thousands digit of 40211?
0
What is the hundreds digit of 11989?
9
What is the thousands digit of 3014?
3
What is the tens digit of 855?
5
What is the units digit of 17161?
1
What is the tens digit of 29147?
4
What is the hundreds digit of 7267?
2
What is the hundreds digit of 15595?
5
What is the tens digit of 52696?
9
What is the ten thousands digit of 18501?
1
What is the hundreds digit of 929?
9
What is the tens digit of 1898?
9
What is the ten thousands digit of 11080?
1
What is the ten thousands digit of 64683?
6
What is the units digit of 539?
9
What is the units digit of 1007?
7
What is the thousands digit of 2122?
2
What is the thousands digit of 2562?
2
What is the thousands digit of 26844?
6
What is the tens digit of 1040?
4
What is the tens digit of 373?
7
What is the thousands digit of 15540?
5
What is the thousands digit of 110492?
0
What is the ten thousands digit of 108697?
0
What is the units digit of 5960?
0
What is the hundreds digit of 18464?
4
What is the units digit of 5045?
5
What is the thousands digit of 70169?
0
What is the tens digit of 3876?
7
What is the units digit of 12083?
3
What is the thousands digit of 5215?
5
What is the thousands digit of 1345?
1
What is the hundreds digit of 201?
2
What is the ten thousands digit of 48014?
4
What is the hundreds digit of 22346?
3
What is the units digit of 6867?
7
What is the tens digit of 2017?
1
What is the tens digit of 5494?
9
What is the hundreds digit of 1984?
9
What is the thousands digit of 3554?
3
What is the hundreds digit of 292?
2
What is the hundreds digit of 3475?
4
What is the units digit of 2314?
4
What is the thousands digit of 4647?
4
What is the units digit of 2839?
9
What is the tens digit of 1078?
7
What is the units digit of 6073?
3
What is the hundreds digit of 49120?
1
What is the tens digit of 93613?
1
What is the tens digit of 1727?
2
What is the thousands digit of 1100?
1
What is the tens digit of 2871?
7
What is the hundreds digit of 60278?
2
What is the tens digit of 4825?
2
What is the units digit of 170744?
4
What is the hundreds digit of 4925?
9
What is the hundreds digit of 4930?
9
What is the tens digit of 578?
7
What is the thousands digit of 7886?
7
What is the tens digit of 95?
9
What is the thousands digit of 3064?
3
What is the units digit of 7843?
3
What is the tens digit of 14518?
1
What is the units digit of 204?
4
What is the tens digit of 8922?
2
What is the hundreds digit of 543?
5
What is the tens digit of 12789?
8
What is the units digit of 493?
3
What is the units digit of 1799?
9
What is the hundreds digit of 1086?
0
What is the tens digit of 60274?
7
What is the hundreds digit of 793?
7
What is the tens digit of 1115?
1
What is the ten thousands digit of 10409?
1
What is the thousands digit of 6246?
6
What is the hundreds digit of 10033?
0
What is the units digit of 1827?
7
What is the thousands digit of 7470?
7
What is the units digit of 22402?
2
What is the tens digit of 29321?
2
What is the hundreds digit of 5426?
4
What is the tens digit of 969?
6
What is the tens digit of 232?
3
What is the hundreds digit of 14841?
8
What is the hundreds digit of 41849?
8
What is the units digit of 4689?
9
What is the hundreds digit of 6174?
1
What is the thousands digit of 15753?
5
What is the thousands digit of 4145?
4
What is the units digit of 499?
9
What is the hundreds digit of 5088?
0
What is the units digit of 17622?
2
What is the units digit of 1083?
3
What is the units digit of 836?
6
What is the units digit of 6485?
5
What is the units digit of 1762?
2
What is the hundreds digit of 500?
5
What is the tens digit of 29829?
2
What is the ten thousands digit of 37232?
3
What is the hundreds digit of 860?
8
What is the tens digit of 733?
3
What is the tens digit of 1664?
6
What is the units digit of 2337?
7
What is the hundreds digit of 1164?
1
What is the hundreds digit of 1338?
3
What is the units digit of 27568?
8
What is the hundreds digit of 17695?
6
What is the hundreds digit of 495?
4
What is the units digit of 5423?
3
What is the units digit of 183?
3
What is the ten thousands digit of 37683?
3
What is the units digit of 938?
8
What is the hundreds digit of 506?
5
What is the hundreds digit of 473?
4
What is the units digit of 640?
0
What is the units digit of 496?
6
What is the hundreds digit of 3006?
0
What is the hundreds digit of 39655?
6
What is the tens digit of 10576?
7
What is the tens digit of 3990?
9
What is the tens digit of 7842?
4
What is the units digit of 1320?
0
What is the tens digit of 2843?
4
What is the tens digit of 169?
6
What is the units digit of 1878?
8
What is the units digit of 26?
6
What is the thousands digit of 7869?
7
What is the units digit of 831?
1
What is the hundreds digit of 734?
7
What is the tens digit of 6170?
7
What is the units digit of 8764?
4
What is the ten thousands 